{"id":61,"date":"2014-01-27T11:22:37","date_gmt":"2014-01-27T11:22:37","guid":{"rendered":"http:\/\/www.sidhille.com\/?page_id=61"},"modified":"2024-01-21T14:31:23","modified_gmt":"2024-01-21T14:31:23","slug":"2012-2","status":"publish","type":"page","link":"https:\/\/www.sidhille.com\/?page_id=61","title":{"rendered":"2012"},"content":{"rendered":"<table border=\"0\" cellspacing=\"2\" cellpadding=\"2\">\n<tbody>\n<tr>\n<td>Jan 14th<\/td>\n<td>Ebeli 15th anniversary concert<\/td>\n<td>Louhisali, Espoo<\/td>\n<td>pianist<\/td>\n<\/tr>\n<tr>\n<td>Jan 18th<\/td>\n<td>Solo piano improvisations<\/td>\n<td>Temppeliaukio church, Helsinki<\/td>\n<td>pianist<\/td>\n<\/tr>\n<tr>\n<td>Jan 25th<\/td>\n<td>Solo piano improvisations<\/td>\n<td>Temppeliaukio church, Helsinki<\/td>\n<td>pianist<\/td>\n<\/tr>\n<tr>\n<td>Jan 25th<\/td>\n<td>Hille-M\u00e4enp\u00e4\u00e4 Duo plays Immigrant songs<\/td>\n<td>Tekosyyklubi, Piritta, Helsinki<\/td>\n<td>composer\/pianist<\/td>\n<\/tr>\n<tr>\n<td>Feb 8th<\/td>\n<td>Solo piano improvisations<\/td>\n<td>Temppeliaukio church, Helsinki<\/td>\n<td>pianist<\/td>\n<\/tr>\n<tr>\n<td>Feb 9th<\/td>\n<td>ONE &#8211; soundscapes Live<\/td>\n<td>L\u00e4nsi-Helsingin musiikki opisto<\/td>\n<td>composer\/pianist<\/td>\n<\/tr>\n<tr>\n<td>Feb 15th<\/td>\n<td>Solo piano improvisations<\/td>\n<td>Temppeliaukio church, Helsinki<\/td>\n<td>pianist<\/td>\n<\/tr>\n<tr>\n<td>Feb 22nd<\/td>\n<td>Solo piano improvisations<\/td>\n<td>Temppeliaukio church, Helsinki<\/td>\n<td>pianist<\/td>\n<\/tr>\n<tr>\n<td>Feb 29th<\/td>\n<td>Solo piano improvisations<\/td>\n<td>Temppeliaukio church, Helsinki<\/td>\n<td>pianist<\/td>\n<\/tr>\n<tr>\n<td>Mar 2nd<\/td>\n<td>EBMO Jazz Orchestra plays Jazz Standards<\/td>\n<td>school concert, Olari<\/td>\n<td>composer\/conductor<\/td>\n<\/tr>\n<tr>\n<td>Mar 2nd<\/td>\n<td>&#8216;Stars Above&#8217;, feature film by Saara Cantell,<br \/>\nfilm music, Premiere<\/td>\n<td>selected cinemas all over Finland<\/td>\n<td>composer\/pianist<\/td>\n<\/tr>\n<tr>\n<td>Mar 6th<\/td>\n<td>EBMO Jazz Orchestra plays Jazz Standards<\/td>\n<td>school concert, Tapiola<\/td>\n<td>composer\/conductor<\/td>\n<\/tr>\n<tr>\n<td>Mar 10th<\/td>\n<td>Proton String Quartet plays Hille<br \/>\n&#8216;Quatuor no. 2 &#8211; In Farben&#8217;<\/td>\n<td>Rekolan kino, Vantaa<\/td>\n<td>composer<\/td>\n<\/tr>\n<tr>\n<td>Mar 11th<\/td>\n<td>EBMO Jazz Orchestra plays Jazz Standards<\/td>\n<td>Louhisali, Espoo<\/td>\n<td>composer\/conductor<\/td>\n<\/tr>\n<tr>\n<td>Mar 14th<\/td>\n<td>Solo piano improvisations<\/td>\n<td>Temppeliaukio church, Helsinki<\/td>\n<td>pianist<\/td>\n<\/tr>\n<tr>\n<td>Mar 19th<\/td>\n<td>Ritm\u00c5bo w\/ Jussi Lindroos, Cyrille Aim\u00e9e<\/td>\n<td>Kanneltalo, Helsinki<\/td>\n<td>pianist<\/td>\n<\/tr>\n<tr>\n<td>Mar 20th<\/td>\n<td>Ritm\u00c5bo w\/ Jussi Lindroos, Cyrille Aim\u00e9e<\/td>\n<td>TSMO, Turku<\/td>\n<td>pianist<\/td>\n<\/tr>\n<tr>\n<td>Mar 21th<\/td>\n<td>Solo piano improvisations<\/td>\n<td>Temppeliaukio church, Helsinki<\/td>\n<td>pianist<\/td>\n<\/tr>\n<tr>\n<td>Mar 28th<\/td>\n<td>Solo piano improvisations<\/td>\n<td>Temppeliaukio church, Helsinki<\/td>\n<td>pianist<\/td>\n<\/tr>\n<tr>\n<td>Apr 11th<\/td>\n<td>Solo piano improvisations<\/td>\n<td>Temppeliaukio church, Helsinki<\/td>\n<td>pianist<\/td>\n<\/tr>\n<tr>\n<td>Apr 18th<\/td>\n<td>Solo piano improvisations<\/td>\n<td>Temppeliaukio church, Helsinki<\/td>\n<td>pianist<\/td>\n<\/tr>\n<tr>\n<td>Apr 25th<\/td>\n<td>Stars above band &#8211; Film &amp; Live soundtrack<\/td>\n<td>Tapiola Kino\/April Jazz Festival, Espoo<\/td>\n<td>composer\/pianist<\/td>\n<\/tr>\n<tr>\n<td>May 2nd<\/td>\n<td>Solo piano improvisations<\/td>\n<td>Temppeliaukio church, Helsinki<\/td>\n<td>pianist<\/td>\n<\/tr>\n<tr>\n<td>May 3rd<\/td>\n<td>Sid Hille Collective with<br \/>\nTeemu Viinikainen &amp; Heikki Nikula<\/td>\n<td>Temppeliaukio church, Helsinki<\/td>\n<td>composer\/pianist<\/td>\n<\/tr>\n<tr>\n<td>May 4th<\/td>\n<td>Sid Hille Collective with<br \/>\nTeemu Viinikainen &amp; Jose M\u00e4enp\u00e4\u00e4<\/td>\n<td>Pitsku culture church, Pit\u00e4j\u00e4nm\u00e4ki<\/td>\n<td>composer\/pianist<\/td>\n<\/tr>\n<tr>\n<td>May 7th<\/td>\n<td>Recording with Viinikainen &amp; string quartet<\/td>\n<td>Pitsku culture church, Pit\u00e4j\u00e4nm\u00e4ki<\/td>\n<td>composer\/pianist<\/td>\n<\/tr>\n<tr>\n<td>May 9th<\/td>\n<td>Solo piano improvisations<\/td>\n<td>Temppeliaukio church, Helsinki<\/td>\n<td>pianist<\/td>\n<\/tr>\n<tr>\n<td>May 10th<\/td>\n<td>EBMO Jazz Orchestra plays Jazz Standards<\/td>\n<td>school concert, Tapiola<\/td>\n<td>composer<\/td>\n<\/tr>\n<tr>\n<td>May 11th<\/td>\n<td>EBMO Jazz Orchestra plays Jazz Standards<\/td>\n<td>school concert, Espoo<\/td>\n<td>composer<\/td>\n<\/tr>\n<tr>\n<td>May 18th<\/td>\n<td>Solo piano improvisations<\/td>\n<td>Temppeliaukio church, Helsinki<\/td>\n<td>pianist<\/td>\n<\/tr>\n<tr>\n<td>May 23rd<\/td>\n<td>Solo piano improvisations<\/td>\n<td>Temppeliaukio church, Helsinki<\/td>\n<td>pianist<\/td>\n<\/tr>\n<tr>\n<td>May 25th<\/td>\n<td>Recording with Heikki Nikula<\/td>\n<td>Finnvox studio, Pit\u00e4j\u00e4nm\u00e4ki<\/td>\n<td>composer\/pianist<\/td>\n<\/tr>\n<tr>\n<td>May 26th<\/td>\n<td>EBMO Jazz Orchestra plays Jazz Standards<\/td>\n<td>open air concert, Tapiola<\/td>\n<td>composer\/conductor<\/td>\n<\/tr>\n<tr>\n<td>May 30th<\/td>\n<td>Solo piano improvisations<\/td>\n<td>Temppeliaukio church, Helsinki<\/td>\n<td>pianist<\/td>\n<\/tr>\n<tr>\n<td>June 23rd<\/td>\n<td>Midsummer recital, piano solo<\/td>\n<td>Temppeliaukio church, Helsinki<\/td>\n<td>pianist<\/td>\n<\/tr>\n<tr>\n<td>Aug 25th<\/td>\n<td>EBMO Jazz Orchestra plays Jazz Standards<\/td>\n<td>Espoo Day Festival, Tapiola<\/td>\n<td>composer\/conductor<\/td>\n<\/tr>\n<tr>\n<td>Sep 5th<\/td>\n<td>Solo piano improvisations<\/td>\n<td>Temppeliaukio church, Helsinki<\/td>\n<td>pianist<\/td>\n<\/tr>\n<tr>\n<td>Sep 12th<\/td>\n<td>Solo piano improvisations<\/td>\n<td>Temppeliaukio church, Helsinki<\/td>\n<td>pianist<\/td>\n<\/tr>\n<tr>\n<td>Sep 12th<\/td>\n<td>Sid Hille Collective with<br \/>\nTeemu Viinikainen &amp; Jose M\u00e4enp\u00e4\u00e4<\/td>\n<td>Sellosali, Lepp\u00e4vaara, Espoo<\/td>\n<td>composer\/pianist<\/td>\n<\/tr>\n<tr>\n<td>Sep 13th -15th<\/td>\n<td>Scrivere in Jazz composition competition<\/td>\n<td>Sassari, Sardegna, Italy<\/td>\n<td>composer\/<br \/>\njury member<\/td>\n<\/tr>\n<tr>\n<td>Sep 19th<\/td>\n<td>Solo piano improvisations<\/td>\n<td>Temppeliaukio church, Helsinki<\/td>\n<td>pianist<\/td>\n<\/tr>\n<tr>\n<td>Sep 26th<\/td>\n<td>Solo piano improvisations<\/td>\n<td>Temppeliaukio church, Helsinki<\/td>\n<td>pianist<\/td>\n<\/tr>\n<tr>\n<td>Oct 3rd<\/td>\n<td>Solo piano improvisations<\/td>\n<td>Temppeliaukio church, Helsinki<\/td>\n<td>pianist<\/td>\n<\/tr>\n<tr>\n<td>Oct 7th<\/td>\n<td>Sid Hille Collective with<br \/>\nTeemu Viinikainen &amp; Jose M\u00e4enp\u00e4\u00e4<\/td>\n<td>Kauniaisten paviljonki, Kauniainen<\/td>\n<td>composer\/pianist<\/td>\n<\/tr>\n<tr>\n<td>Oct 10th<\/td>\n<td>Solo piano improvisations<\/td>\n<td>Temppeliaukio church, Helsinki<\/td>\n<td>pianist<\/td>\n<\/tr>\n<tr>\n<td>Oct 17th<\/td>\n<td>Solo piano improvisations<\/td>\n<td>Temppeliaukio church, Helsinki<\/td>\n<td>pianist<\/td>\n<\/tr>\n<tr>\n<td>Oct 24th<\/td>\n<td>Solo piano improvisations<\/td>\n<td>Temppeliaukio church, Helsinki<\/td>\n<td>pianist<\/td>\n<\/tr>\n<tr>\n<td>Oct 25th<\/td>\n<td>Stars above band &#8211; Film &amp; Live soundtrack<\/td>\n<td>Kanneltalo, Helsinki<\/td>\n<td>composer\/pianist<\/td>\n<\/tr>\n<tr>\n<td>Oct 31st<\/td>\n<td>Solo piano improvisations<\/td>\n<td>Temppeliaukio church, Helsinki<\/td>\n<td>pianist<\/td>\n<\/tr>\n<tr>\n<td>Nov 7th<\/td>\n<td>Solo piano improvisations<\/td>\n<td>Temppeliaukio church, Helsinki<\/td>\n<td>pianist<\/td>\n<\/tr>\n<tr>\n<td>Nov 7th<\/td>\n<td>Sid Hille Collective with<br \/>\nTeemu Viinikainen &amp; Jose M\u00e4enp\u00e4\u00e4<\/td>\n<td>Malmitalo, Helsinki<\/td>\n<td>composer\/pianist<\/td>\n<\/tr>\n<tr>\n<td>Nov 14th<\/td>\n<td>Solo piano improvisations<\/td>\n<td>Temppeliaukio church, Helsinki<\/td>\n<td>pianist<\/td>\n<\/tr>\n<tr>\n<td>Nov 21st<\/td>\n<td>Solo piano improvisations<\/td>\n<td>Temppeliaukio church, Helsinki<\/td>\n<td>pianist<\/td>\n<\/tr>\n<tr>\n<td>Nov 22nd<\/td>\n<td>Composition concert<br \/>\nnew piano concerto w\/ Aki Rissanen<br \/>\ntenor saxophone concerto w\/ Manuel Dunkel<\/td>\n<td>Laulumiehet, Helsinki<\/td>\n<td>composer\/conductor<\/td>\n<\/tr>\n<tr>\n<td>Nov 24th<\/td>\n<td>Music with children<\/td>\n<td>Rovaniemi<\/td>\n<td>pianist, composer<\/td>\n<\/tr>\n<tr>\n<td>Nov 25th<\/td>\n<td>Music with children<\/td>\n<td>Rovaniemi<\/td>\n<td>pianist, composer<\/td>\n<\/tr>\n<tr>\n<td>Nov 28th<\/td>\n<td>Solo piano improvisations<\/td>\n<td>Temppeliaukio church, Helsinki<\/td>\n<td>pianist<\/td>\n<\/tr>\n<\/tbody>\n<\/table>\n","protected":false},"excerpt":{"rendered":"<p>Jan 14th Ebeli 15th anniversary concert Louhisali, Espoo pianist Jan 18th Solo piano improvisations Temppeliaukio church, Helsinki pianist Jan 25th Solo piano improvisations Temppeliaukio church, Helsinki pianist Jan&#8230;<\/p>\n","protected":false},"author":1,"featured_media":0,"parent":1513,"menu_order":0,"comment_status":"open","ping_status":"closed","template":"template-full.php","meta":{"footnotes":""},"class_list":["post-61","page","type-page","status-publish","hentry"],"_links":{"self":[{"href":"https:\/\/www.sidhille.com\/index.php?rest_route=\/wp\/v2\/pages\/61","targetHints":{"allow":["GET"]}}],"collection":[{"href":"https:\/\/www.sidhille.com\/index.php?rest_route=\/wp\/v2\/pages"}],"about":[{"href":"https:\/\/www.sidhille.com\/index.php?rest_route=\/wp\/v2\/types\/page"}],"author":[{"embeddable":true,"href":"https:\/\/www.sidhille.com\/index.php?rest_route=\/wp\/v2\/users\/1"}],"replies":[{"embeddable":true,"href":"https:\/\/www.sidhille.com\/index.php?rest_route=%2Fwp%2Fv2%2Fcomments&post=61"}],"version-history":[{"count":1,"href":"https:\/\/www.sidhille.com\/index.php?rest_route=\/wp\/v2\/pages\/61\/revisions"}],"predecessor-version":[{"id":62,"href":"https:\/\/www.sidhille.com\/index.php?rest_route=\/wp\/v2\/pages\/61\/revisions\/62"}],"up":[{"embeddable":true,"href":"https:\/\/www.sidhille.com\/index.php?rest_route=\/wp\/v2\/pages\/1513"}],"wp:attachment":[{"href":"https:\/\/www.sidhille.com\/index.php?rest_route=%2Fwp%2Fv2%2Fmedia&parent=61"}],"curies":[{"name":"wp","href":"https:\/\/api.w.org\/{rel}","templated":true}]}}